 + 22).
-3
What is the value of 1 + -6 + 2 + -2 + 9?
4
What is 2 + 2 - (6 - (3 + -6))?
-5
Evaluate 4 - 16 - (1 + -3 + -2).
-8
What is the value of 6 + -10 + 7 + -2?
1
Evaluate 4 + (6 - 5 - 6) + 0.
-1
What is the value of -29 + 29 + (3 - (0 - 0))?
3
Evaluate 3 + -4 + (2 - 0).
1
7 - (-1 + 1) - (53 - 50)
4
What is 5 - (1 - -9) - -7?
2
Evaluate -9 + 9 + 0 - (-1 + 2).
-1
-6 + 4 + -2 + 3
-1
Calculate -14 - -7 - (1 - 9).
1
Evaluate -3 + (11 - (7 - 4)) + 0.
5
-3 + -2 + 4 - (6 + -5)
-2
Calculate -2 - (0 + (3 - 4)) - -6.
5
Evaluate (-3 - (-14 + 1 + 4)) + -2.
4
Evaluate 17 + -15 + (-1 - -1).
2
What is (1 - 2) + 3 + (2 - 2)?
2
Calculate 8 + (11 + -16 - (-2 - 0)).
5
Calculate 6 - (-3 + (0 - 0)).
9
What is the value of -3 - ((5 - 4) + 0)?
-4
(1 - (-1 - -3)) + -26 + 31
4
Calculate 1 + (-5 - (-3 - -1)) - -1.
-1
What is 0 + -1 + 0 + 14 + -12?
1
What is the value of 6 + (0 + 3 - (-5 + 7))?
7
-6 - (0 - 7 - (-11 + 8))
-2
What is 3 + (8 + -8 + 2 - 4)?
1
What is the value of -3 - (-3 - -2 - (0 + -3))?
-5
What is the value of 4 + -4 + -5 + 9?
4
What is the value of -2 + (-8 - -13 - 2) - 2?
-1
What is the value of (5 - 9) + -6 + 5?
-5
(-13 - -11) + 3 + 7
8
What is the value of (61 - 60) + (-1 - (-3 - 1))?
4
0 - -1 - (0 + (8 - 2))
-5
Evaluate -7 - -5 - -3 - -1.
2
Evaluate -7 - (-4 + 6 + 1) - 0.
-10
What is -5 - (3 + (0 - -6) + -5)?
-9
Calculate (-4 - -3) + -7 + 6.
-2
What is the value of 3 - (1 + (1 + 1 - 5))?
5
Calculate -7 - (-6 + -15 + 10).
4
What is the value of (-9 + 22 - 5) + -6?
2
Evaluate 3 - (-3 - -5) - (-3 - -3).
1
What is the value of (-5 - 0) + -1 + 6?
0
Evaluate (1 - 4 - (0 + -1)) + 1.
-1
What is the value of 1 + -3 + 3 - -3?
4
What is 11 - (-4 - -27 - 4)?
-8
What is the value of (-5 - (-2 + 4)) + 2?
-5
Evaluate 78 + -68 - (1 + 0 - -4).
5
Evaluate 4 + -9 + 5 + (0 - 2).
-2
What is the value of 6 - (9 - 6 - -3 - 6)?
6
-5 + -4 + 0 + 4
-5
Evaluate 18 - 14 - 13 - -10.
1
What is (3 - 1) + (1 - (3 + 2))?
-2
What is the value of -6 + 7 + -10 + 4?
-5
Calculate 7 + (-3 - 9) - -7.
2
Evaluate 4 - -1 - (-4 - -19 - 12).
2
Evaluate -12 - ((-12 - -10) + -4).
-6
What is 0 + (-8 - (4 - 9) - 3)?
-6
Evaluate -2 - (-5 - -4) - 4.
-5
What is the value of (10 - (10 + -9)) + -13?
-4
What is -3 + 15 + -5 - 7?
0
What is the value of -8 + 14 + -10 + 8?
4
What is 3 - (1 + -2 + -3 + 2)?
5
7 + -3 - (-1 + 1)
4
What is the value of 2 + (5 - 8) - 4?
-5
Calculate 2 - (-1 + -2) - (-8 - -15).
-2
What is the value of -5 + 0 - -1 - (1 + -10)?
5
Calculate (1 + -1 - -3) + -4.
-1
Evaluate 2 - 7 - (16 + (-14 - 0)).
-7
Calculate -2 + 4 - (4 - (2 - 0)).
0
What is the value of (5 - 0) + (-7 - -2)?
0
Calculate (-7 - (-1 + 0)) + -2 + 7.
-1
(-14 + 8 - -16) + -2 + 1
9
What is (10 + -27 - -8) + 16?
7
What is the value of 0 - -1 - 3 - (-11 + 8)?
1
-7 + -3 + -2 + -2 + 4
-10
What is the value of -3 - (7 + -9 + 3)?
-4
Calculate (3 - 1) + -5 + 18 + -22.
-7
What is the value of -4 + -4 + 3 + 1 - 0?
-4
Evaluate (0 + -7 - (-44 + 43)) + -1.
-7
What is 3 - (-1 + -2 - (-13 + 2))?
-5
What is -1 + 2 - (-7 - -7)?
1
Calculate -15 - ((-6 - -9 - 8) + -1).
-9
3 - ((-9 - -8) + 2) - -2
4
What is the value of -4 + 3 + 3 + -8 + 10?
4
Calculate 4 + -10 + (-4 - -7) + 3.
0
What is the value of (-9 - -5) + 2 + -1?
-3
What is the value of -1 - -6 - (40 + -41)?
6
What is the value of -2 - (-4 + (2 - -5) - 4)?
-1
Calculate (-4 + (2 - -5) - 3) + 0.
0
What is the value of -10 - -14 - ((-1 - -10) + 0)?
-5
Calculate -4 + 3 - (1 + 1 + -3).
0
Calculate -13 - -3 - (-27 + 14).
3
Evaluate -1 + (2 - 2) + -1 + 8.
6
Evaluate 12 - 10 - (1 + 0).
1
0 + (0 - 5 - -8) - -1
4
Evaluate (-3 - (-1 - 0)) + -3.
-5
What is -12 - (-7 + (0 - 0))?
-5
Calculate 0 + 8 + -7 + (10 - 13).
-2
What is the value of 5 - 9 - (4 - 6)?
-2
Evaluate 5 + (-15 - -2) + (9 - 0).
1
Calculate -4 + -1 + 6 - -2.
3
1 + -6 + -1 + 2
-4
What is -1 + -1 + 5 + 29 + -35?
-3
15 + 7 + (-12 - -1) + -3
8
-1 + (4 + 1 - 2)
2
What is 2 + (3 - 7) - 0?
-2
(1 - (9 - (0 - -4))) + 7
3
What is (-13 - -9) + 5 - -6?
7
What is the value of -163 + 160 - (0 + 0)?
-3
-15 + 5 + 2 - -16
8
What is the value of 7 - (-2 + 2 + (3 - 1))?
5
What is the value of 0 + 3 + (-2 - -2)?
3
-1 + 7 + -14 - -14
6
What is -9 + 12 + -1 + -4 - 2?
-4
15 + 4 + -19 + 5
5
What is 4 + (12 - 10 - (0 - -5))?
1
What is -5 - (-11 + 7 - (1 - 1))?
-1
What is (2 - 0) + (6 - 12)?
-4
What is 5 - (13 + (2 - 7))?
-3
Calculate 3 + (3 + 5 - 15).
-4
What is 1 + (0 - 5) - -6?
2
What is the value of 8 + -4 + 2 - 3 - 6?
-3
What is -5 - (-6 + (1 - -2) - 3)?
1
What is the value of 7 - 8 - (0 + 0 - 6)?
5
-4 + (-1 - (5 - (6 - 5)))
-9
Evaluate (-6 - -14) + -13 + 11.
6
Calculate -1 + 0 + (5 - -2) + -11.
-5
What is (-2 - -1) + (1 - -2) + 3?
5
0 + 6 + -2 + -3
1
(6 - 4) + -3 - (-2 - -1)
0
What is the value of 1 + (2 - 6) + 2?
-1
Calculate (3 - -1) + -2 + -2 - -4.
4
What is (15 - 17) + (1 - -4) + 0?
3
What is the value of (-2 - (3 - 0)) + 3?
-2
Evaluate -2 - (14 + -7) - -14.
5
Evaluate (5 - 10) + -2 + 5 - 3.
-5
What is the value of 11 - (-1 - 0 - (11 - 17))?
6
What is (0 - -1) + -6 - -4?
-1
Evaluate (2 - -3) + -1 + (20 - 23).
1
-14 + (6 - 7 - -9)
-6
What is the value of -2 + 0 - (-1 + -5) - 5?
-1
Calculate (1 - 2) + 5 - (16 - 14).
2
9 + -4 + -8 + -5 + -1
-9
Evaluate (-1 + 5 + -6 - -3) + -5.
-4
Calculate -6 + 25 + -9 + -10.
0
(-8 - -5) + (3 + 2 - 0)
2
What is the value of -1 - -4 - (6 - (4 - 4))?
-3
-3 - (-11 + 6 - -11)
-9
Evaluate (-19 - -16) + 3 + 3.
3
-1 + (4 - (0 - -1))
2
What is the value of -1 + (1 - (-6 - -1))?
5
Calculate (1 - 2) + (1 - (-5 - -2)).
3
Evaluate -1 + 2 + -4 - (12 + -13).
-2
What is 8 + (-1 - (-1 + (1 - -6)))?
1
What is the value of -16 + 9 - (3 + -3)?
-7
What is 6 + -13 + 4 + -3?
-6
What is (9 - 1) + -9 + -2 + -1?
-4
What is the value of (0 - -2) + 4 + -4 + -2?
0
Evaluate 2 + 3 + (3 - 2 - 4).
2
Evaluate 0 - (-5 + -2 + 4) - 1.
2
What is the value of -1 - (2 - (7 + -1) - -1)?
2
2 + 6 + (4 - 7)
5
4 - -3 - (-2 + 4)
5
6 - (-3 + 5) - (-3 - -1)
6
Calculate 2 - (7 + 5 - 4 - 2).
-4
What is -3 + -1 - (-20 + 21)?
-5
5 + (-11 - -6) + -1
-1
4 + -3 + (-1 - -5)
5
What is the value of 0 - 0 - (-1 + 8 + -4)?
-3
What is 3 - 3 - -3 - 3?
0
Calculate 1 - (7 + 3 - 11).
2
Calculate (3 - 10) + 2 + 3 + 4.
2
What is the value of (4 - -1) + -2 - (-21 - -23)?
1
What is (-4 + (-2 - -3) - -2) + 1?
0
What is (5 - 5 - 0) + 0?
0
What is 4 + (-6 - 1) + (20 - 19)?
-2
Calculate -10 - (-3 - (6 - -2)).
1
What is -7 - (8 + -20) - 9 - -15?
11
What is the value of (3 - 1) + -9 + 3?
-4
Evaluate (-1 - -2 - 5) + (510 - 511).
-5
Evaluate 2 + (0 - 1) + 4.
5
Calculate -9 - 1 - (-1 + -2).
-7
What is -4 - (-2 - (4 + -8)) - 4?
-10
What is (-10 - (5 + -20)) + -12?
-7
What is (0 - -4) + -10 + -1 + 0?
-7
Calculate 0 + (3 - 5) - -2.
0
Calculate 31 - 42 - (-4 + 1).
-8
What is the value of 4 + (-7 - (3 - (13 - 5)))?
2
What is -12 - -7 - (-2 - 2)?
-1
What is 0 + 1 + 0 - (26 - 24)?
-1
8 + -6 + 2 - 9
-5
What is (-5 - -3) + 7 + -4?
1
Evaluate -5 + -1 + 1 + 0.
-5
Evaluate (-4 - (5 - 2 - 6)) + -2.
-3
Calculate (-4 - (8 - 4)) + 11.
3
-13 - -13 - -8 - (6 - -1)
1
35 + -46 + 0 + 5
-6
What is the value of (8 - (-3 + 8)) + -4?
-1
Evaluate (-7 + 4 - -4) + 1.
2
Evaluate 5 + -1 - (6 - 6).
4
6 + -5 + (0 - 9)
-8
Evaluate -20 - ((11 - 8) + -13).
-10
Evaluate -3 + -3 + 1 + 2 + 7.
4
Evaluate 1 + -2 + -2 + 0 + 5.
2
What is the value of (-4 - (5 + (7 - 9))) + 14?
7
Calculate (-3 - 0) + (-8 - (4 + -11)).
-4
((1 - -4) + -5 - -4) + 4
8
What is (2 - -3) + -6 + 1?
0
10 - (-4 - -9) - 6 - -3
2
What is 0 - (-3 - 1) - 3?
1
What is the value of 3 + -14 - (-13 + 0)?
2
6 + (7 - 10) + 4
7
What is -10 + (-5 - -10) + 0 + -1?
-6
(0 - 0) + (3 - (5 - -3))
-5
What is the value of 2 + 0 + -3 - -5?
4
What is 0 - (-2 + 4) - 1?
-3
8 + -1 - (-6 + 8)
5
What is the value of 7 + -4 - (0 - (-3 - -2))?
2
Calculate 11 + 0 + (-112 - -95).
-6
Calculate -3 + (6 - 0) + -6.
-3
Calculate 2 + -1 - (6 + -8) - 2.
1
Calculate 5 - -1 - (-2 + 5).
3
-12 - (-11 - -3 - -1)
-5
Calculate (2 - 12) + (7 - 2 - 1).
-6
What is -6 - (10 + -15 + -3)?
2
Calculate (3 - 2) + -4 + 2 + -3.
-4
What is 1 + (-10 - -1) + (-1 - -7)?
-2
2 + (-5 - -6) + -1
2
Calculate (-1 + 9 - 3) + -2.
3
What is the value of (-5 + 2 - -2) + 0 + 0?
-1
What is (0 - 6) + -3 + 18 + -7?
2
Evaluate (-2 - (1 - 3) - 2) + -1.
-3
What is the value of -9 - ((-5 - 2) + 3)?
-5
What is -2 + (-5 - -6) + 5 +